{"id":22,"date":"2025-12-18T08:28:39","date_gmt":"2025-12-18T08:28:39","guid":{"rendered":"https:\/\/degrowthdage.dk\/?page_id=22"},"modified":"2026-02-06T12:49:55","modified_gmt":"2026-02-06T12:49:55","slug":"open-source-software","status":"publish","type":"page","link":"https:\/\/degrowthdage.dk\/index.php\/open-source-software\/","title":{"rendered":"Open source-software"},"content":{"rendered":"\n<h2 class=\"wp-block-heading\">Hvorfor?\u00a0<\/h2>\n\n\n\n<p>Den g\u00e6ngse brug af software i arbejdsrelationer er i dag baseret p\u00e5 kommercielle, cloud\u2011baserede services, hvor vores data, arbejdsgange og digitale vaner indlejres i tredjeparts\u2011infrastruktur. Viden om datagrundlag, sikkerhed, udvikling og vedligeholdelse er ofte utilg\u00e6ngelig, og systemerne kan sj\u00e6ldent tilpasses lokalt.&nbsp;<\/p>\n\n\n\n<p>I denne intervention skal jeg udelukkende anvende open source-software, hvorfor jeg har installeret Linux styreprogram, hvilket medf\u00f8rer, at jeg undslipper\u00a0MacOS\u00a0styresystem. Hvad betyder det for mit arbejdsliv?\u00a0\u00a0<\/p>\n\n\n\n<p>N\u00e5r vi udelukkende anvender\u00a0open source-software, betyder det, at teknologien kan tilpasses vores konkrete arbejdspraksis, installeres og opdateres uden central styring, samt repareres og videreudvikles i f\u00e6llesskabet. Det \u00e5bner for, at vi som brugere ikke blot er forbrugere af software, men aktive deltagere i dens udvikling.\u00a0Det bliver sp\u00e6ndende at se hvilke udfordringer, der opst\u00e5r i m\u00f8det mellem hardware og styresystem og mellem arbejdspladsens anvendte teknologier og interventionens open source-software.  <\/p>\n\n\n\n<p><\/p>\n\n\n\n<p>Brug af&nbsp;open source-software&nbsp;underst\u00f8tter&nbsp;<em>commoning<\/em><strong>,<\/strong>&nbsp;der indeb\u00e6rer forvaltningen af f\u00e6lles ressourcer, der er \u00e5bne for alle medlemmer af et f\u00e6llesskab. Det skaber en kollektiv digital infrastruktur, der udbygges gennem samarbejde fremfor konkurrence. At betragte teknologi som&nbsp;et f\u00e6lles gode udfordrer&nbsp;den digitale afmagt, alts\u00e5 f\u00f8lelsen af, at mennesker ikke kan g\u00f8re noget for at \u00e6ndre digital teknologi. I mods\u00e6tning hertil er teknologi som f\u00e6lles gode, noget som alle mennesker kan tage del i og v\u00e6re med til at beslutte kollektivt. Brug af&nbsp;open source-software&nbsp;reducerer afh\u00e6ngigheden af lukkede teknologiske \u00f8kosystemer, der ofte kr\u00e6ver stadige opgraderinger, kontinuerlig datadeling. I stedet fremmes en praksis, hvor software kan leve l\u00e6ngere, genbruges og holdes i cirkulation.&nbsp;<\/p>\n\n\n\n<p>Vores hypotese er ogs\u00e5, at der er en v\u00e6rdi i den langsommelighed, transparens og g\u00f8r\u2011det\u2011selv, som&nbsp;open source-software&nbsp;tilbyder. Vi tror denne autonomi hos brugeren inviterer til refleksion, kompetenceopbygning og kritisk teknologiforst\u00e5else, frem for blind tillid til uigennemsigtige systemer, fordi brugere og institutioner f\u00e5r mulighed for at tilpasse, modificere og videreudvikle v\u00e6rkt\u00f8jerne uden at v\u00e6re afh\u00e6ngige af kommercielle leverand\u00f8rers rytmer, interesser og forretningsmodeller.&nbsp;<\/p>\n\n\n\n<p>Opridset eksperimenterer vi i denne intervention med udelukkende brug af&nbsp;open source-software, fordi vi vil:&nbsp;&nbsp;<\/p>\n\n\n\n<ul class=\"wp-block-list\">\n<li>prioritere f\u00e6lles ejerskab og videndeling gennem open source\u00a0\u2013 gennem \u00e5ben tilgang til kildekoden kan man inspirere hinanden\u00a0\u00a0<\/li>\n<\/ul>\n\n\n\n<ul class=\"wp-block-list\">\n<li>underst\u00f8tte lokal teknologisk autonomi og muligheden for at modificere v\u00e6rkt\u00f8jer\u00a0\u00a0<\/li>\n<\/ul>\n\n\n\n<ul class=\"wp-block-list\">\n<li>fremme en digital infrastruktur baseret p\u00e5 f\u00e6llesskaber frem for kommercielle monopoler\u00a0<\/li>\n<\/ul>\n\n\n\n<ul class=\"wp-block-list\">\n<li>g\u00f8re softwarevalg til et sp\u00f8rgsm\u00e5l om etik, v\u00e6rdier og demokratisering af teknologi p\u00e5 arbejdspladsen\u00a0<\/li>\n<\/ul>\n\n\n\n<h2 class=\"wp-block-heading\">Hvordan?<\/h2>\n\n\n\n<p>Brug udelukkende en Linux-distribution, og de programmer det er muligt at installere her. Vi har eksperimenteret med f\u00f8lgende installationsm\u00e5der, og er endt med nr. 3.<\/p>\n\n\n\n<ol class=\"wp-block-list\">\n<li>Kombineret med Windows\/Mac p\u00e5 samme maskine: USB-stik (min. 64 GB, USB 3.0) med<a href=\"https:\/\/forums.linuxmint.com\/viewtopic.php?t=459844\"> fuld installation af Linux Mint<\/a>, s\u00e5 Linux kan startes og k\u00f8re direkte fra USB-stik i computeren<\/li>\n\n\n\n<li>Fundet en gammel PC frem fra gemmerne og installeret Linux Mint p\u00e5 den<\/li>\n\n\n\n<li>Hvis Mac, s\u00e5 installer <a href=\"https:\/\/mac.getutm.app\/\">UTM <\/a>og k\u00f8r en virtuel Linux-installation herfra<\/li>\n<\/ol>\n\n\n\n<p><\/p>\n","protected":false},"excerpt":{"rendered":"<p>Hvorfor?\u00a0 Den g\u00e6ngse brug af software i arbejdsrelationer er i dag baseret p\u00e5 kommercielle, cloud\u2011baserede services, hvor vores data, arbejdsgange og digitale vaner indlejres i tredjeparts\u2011infrastruktur. Viden om datagrundlag, sikkerhed, udvikling og vedligeholdelse er ofte utilg\u00e6ngelig, og systemerne kan sj\u00e6ldent tilpasses lokalt.&nbsp; I denne intervention skal jeg udelukkende anvende open source-software, hvorfor jeg har installeret [&hellip;]<\/p>\n","protected":false},"author":1,"featured_media":0,"parent":0,"menu_order":0,"comment_status":"closed","ping_status":"closed","template":"","meta":{"footnotes":""},"class_list":["post-22","page","type-page","status-publish","hentry"],"_links":{"self":[{"href":"https:\/\/degrowthdage.dk\/index.php\/wp-json\/wp\/v2\/pages\/22","targetHints":{"allow":["GET"]}}],"collection":[{"href":"https:\/\/degrowthdage.dk\/index.php\/wp-json\/wp\/v2\/pages"}],"about":[{"href":"https:\/\/degrowthdage.dk\/index.php\/wp-json\/wp\/v2\/types\/page"}],"author":[{"embeddable":true,"href":"https:\/\/degrowthdage.dk\/index.php\/wp-json\/wp\/v2\/users\/1"}],"replies":[{"embeddable":true,"href":"https:\/\/degrowthdage.dk\/index.php\/wp-json\/wp\/v2\/comments?post=22"}],"version-history":[{"count":11,"href":"https:\/\/degrowthdage.dk\/index.php\/wp-json\/wp\/v2\/pages\/22\/revisions"}],"predecessor-version":[{"id":87,"href":"https:\/\/degrowthdage.dk\/index.php\/wp-json\/wp\/v2\/pages\/22\/revisions\/87"}],"wp:attachment":[{"href":"https:\/\/degrowthdage.dk\/index.php\/wp-json\/wp\/v2\/media?parent=22"}],"curies":[{"name":"wp","href":"https:\/\/api.w.org\/{rel}","templated":true}]}}